
What is the thousands digit of 48607?
8
What is the units digit of 1449?
9
What is the tens digit of 4089?
8
What is the tens digit of 92?
9
What is the units digit of 69201?
1
What is the hundreds digit of 27701?
7
What is the units digit of 2625?
5
What is the units digit of 19766?
6
What is the thousands digit of 1473?
1
What is the tens digit of 5485?
8
What is the ten thousands digit of 45087?
4
What is the units digit of 41031?
1
What is the units digit of 1712?
2
What is the thousands digit of 50209?
0
What is the hundreds digit of 64273?
2
What is the tens digit of 6389?
8
What is the tens digit of 317?
1
What is the hundreds digit of 929?
9
What is the tens digit of 1035?
3
What is the hundreds digit of 25862?
8
What is the thousands digit of 2747?
2
What is the units digit of 166661?
1
What is the thousands digit of 7510?
7
What is the tens digit of 40546?
4
What is the thousands digit of 9024?
9
What is the units digit of 158798?
8
What is the tens digit of 1878?
7
What is the tens digit of 1522?
2
What is the hundreds digit of 73878?
8
What is the tens digit of 49365?
6
What is the units digit of 365?
5
What is the tens digit of 7870?
7
What is the tens digit of 81482?
8
What is the units digit of 4989?
9
What is the thousands digit of 1888?
1
What is the hundreds digit of 5095?
0
What is the units digit of 51108?
8
What is the units digit of 814?
4
What is the tens digit of 3134?
3
What is the thousands digit of 4507?
4
What is the tens digit of 4345?
4
What is the hundreds digit of 38121?
1
What is the hundreds digit of 19227?
2
What is the thousands digit of 2211?
2
What is the units digit of 727?
7
What is the ten thousands digit of 18755?
1
What is the thousands digit of 2625?
2
What is the thousands digit of 13227?
3
What is the units digit of 9087?
7
What is the hundreds digit of 3932?
9
What is the units digit of 331?
1
What is the tens digit of 45528?
2
What is the units digit of 999?
9
What is the tens digit of 22441?
4
What is the tens digit of 44111?
1
What is the thousands digit of 14682?
4
What is the units digit of 1512?
2
What is the units digit of 832?
2
What is the ten thousands digit of 33937?
3
What is the hundreds digit of 267?
2
What is the hundreds digit of 1144?
1
What is the thousands digit of 5545?
5
What is the units digit of 94?
4
What is the units digit of 41885?
5
What is the thousands digit of 74283?
4
What is the tens digit of 6344?
4
What is the hundreds digit of 476?
4
What is the ten thousands digit of 11602?
1
What is the ten thousands digit of 32190?
3
What is the thousands digit of 35975?
5
What is the hundreds digit of 887?
8
What is the units digit of 1258?
8
What is the tens digit of 2444?
4
What is the tens digit of 3740?
4
What is the units digit of 5680?
0
What is the hundreds digit of 274?
2
What is the hundreds digit of 680?
6
What is the tens digit of 34749?
4
What is the thousands digit of 1626?
1
What is the thousands digit of 2416?
2
What is the hundred thousands digit of 149929?
1
What is the tens digit of 38145?
4
What is the hundreds digit of 6740?
7
What is the units digit of 79711?
1
What is the thousands digit of 5954?
5
What is the hundreds digit of 2964?
9
What is the tens digit of 1014?
1
What is the tens digit of 111903?
0
What is the units digit of 9444?
4
What is the units digit of 133891?
1
What is the hundreds digit of 4604?
6
What is the units digit of 3450?
0
What is the units digit of 6040?
0
What is the hundreds digit of 1153?
1
What is the units digit of 9193?
3
What is the tens digit of 246?
4
What is the hundreds digit of 3121?
1
What is the tens digit of 16765?
6
What is the hundreds digit of 1247?
2
What is the ten thousands digit of 70647?
7
What is the units digit of 4259?
9
What is the hundreds digit of 10146?
1
What is the tens digit of 417?
1
What is the units digit of 6976?
6
What is the tens digit of 25888?
8
What is the hundred thousands digit of 114986?
1
What is the hundreds digit of 11464?
4
What is the tens digit of 1395?
9
What is the thousands digit of 2338?
2
What is the hundreds digit of 761?
7
What is the thousands digit of 1158?
1
What is the units digit of 939?
9
What is the tens digit of 603?
0
What is the units digit of 3120?
0
What is the thousands digit of 1234?
1
What is the units digit of 5351?
1
What is the units digit of 1?
1
What is the units digit of 3852?
2
What is the hundreds digit of 1013?
0
What is the tens digit of 43047?
4
What is the thousands digit of 1959?
1
What is the hundreds digit of 66158?
1
What is the ten thousands digit of 11674?
1
What is the tens digit of 26?
2
What is the tens digit of 56598?
9
What is the ten thousands digit of 98812?
9
What is the hundreds digit of 65604?
6
What is the units digit of 568?
8
What is the thousands digit of 1144?
1
What is the units digit of 656?
6
What is the thousands digit of 11213?
1
What is the tens digit of 49918?
1
What is the tens digit of 26153?
5
What is the ten thousands digit of 13640?
1
What is the thousands digit of 11407?
1
What is the hundreds digit of 1290?
2
What is the tens digit of 1021?
2
What is the thousands digit of 11830?
1
What is the thousands digit of 2567?
2
What is the thousands digit of 2770?
2
What is the hundreds digit of 4227?
2
What is the ten thousands digit of 70609?
7
What is the ten thousands digit of 26074?
2
What is the hundreds digit of 9195?
1
What is the units digit of 4116?
6
What is the tens digit of 842?
4
What is the hundreds digit of 10184?
1
What is the units digit of 1115?
5
What is the hundreds digit of 1228?
2
What is the units digit of 13761?
1
What is the hundreds digit of 4968?
9
What is the thousands digit of 1788?
1
What is the tens digit of 145853?
5
What is the tens digit of 5719?
1
What is the thousands digit of 13745?
3
What is the units digit of 8146?
6
What is the thousands digit of 9256?
9
What is the ten thousands digit of 94320?
9
What is the thousands digit of 2783?
2
What is the tens digit of 1230?
3
What is the units digit of 2525?
5
What is the hundreds digit of 4097?
0
What is the ten thousands digit of 10503?
1
What is the units digit of 41335?
5
What is the ten thousands digit of 19209?
1
What is the tens digit of 659?
5
What is the units digit of 21355?
5
What is the tens digit of 289?
8
What is the hundreds digit of 23984?
9
What is the units digit of 11807?
7
What is the thousands digit of 2545?
2
What is the thousands digit of 2843?
2
What is the ten thousands digit of 28526?
2
What is the hundreds digit of 115444?
4
What is the thousands digit of 6727?
6
What is the units digit of 9400?
0
What is the ten thousands digit of 81298?
8
What is the units digit of 924?
4
What is the hundreds digit of 889?
8
What is the tens digit of 56632?
3
What is the tens digit of 3042?
4
What is the units digit of 2980?
0
What is the units digit of 115783?
3
What is the hundreds digit of 10454?
4
What is the hundreds digit of 2641?
6
What is the tens digit of 941?
4
What is the hundreds digit of 900?
9
What is the units digit of 1943?
3
What is the tens digit of 224?
2
What is the thousands digit of 58141?
8
What is the tens digit of 7069?
6
What is the thousands digit of 10499?
0
What is the tens digit of 20498?
9
What is the tens digit of 151594?
9
What is the hundreds digit of 1442?
4
What is the hundreds digit of 76401?
4
What is the tens digit of 306?
0
What is the units digit of 2710?
0
What is the thousands digit of 22957?
2
What is the thousands digit of 3067?
3
What is the units digit of 8023?
3
What is the tens digit of 1316?
1
What is the thousands digit of 3692?
3
What is the thousands digit of 5689?
5
What is the thousands digit of 3198?
3
What is the units digit of 18531?
1
What is the units digit of 872?
2
What is the hundreds digit of 613?
6
What is the thousands digit of 2385?
2
What is the hundreds digit of 6841?
8
What is the units digit of 2058?
8
What is the tens digit of 603?
0
What is the hundreds digit of 27044?
0
What is the hundreds digit of 25189?
1
What is the thousands digit of 11563?
1
What is the tens digit of 3686?
8
What is the units digit of 704?
4
What is the units digit of 1450?
0
What is the hundreds digit of 540?
5
What is the units digit of 34559?
9
What is the units digit of